74.
455
Calculate the remainder when 2458 is divided by 402.
46
What is the remainder when 13549 is divided by 3192?
781
What is the remainder when 196286 is divided by 49069?
10
What is the remainder when 1935 is divided by 52?
11
What is the remainder when 1356 is divided by 780?
576
What is the remainder when 1917571 is divided by 367?
363
What is the remainder when 15899 is divided by 420?
359
Calculate the remainder when 129374 is divided by 23.
22
Calculate the remainder when 244350 is divided by 16.
14
Calculate the remainder when 18309 is divided by 20.
9
Calculate the remainder when 20895 is divided by 55.
50
What is the remainder when 791 is divided by 261?
8
Calculate the remainder when 140458 is divided by 4.
2
Calculate the remainder when 9725 is divided by 8.
5
What is the remainder when 8278 is divided by 17?
16
Calculate the remainder when 10236 is divided by 40.
36
Calculate the remainder when 4663 is divided by 49.
8
What is the remainder when 3828 is divided by 1060?
648
What is the remainder when 13898 is divided by 135?
128
Calculate the remainder when 248763 is divided by 42.
39
Calculate the remainder when 172194 is divided by 205.
199
Calculate the remainder when 37979 is divided by 2373.
11
Calculate the remainder when 537126 is divided by 90.
6
What is the remainder when 225617 is divided by 93?
92
What is the remainder when 196407 is divided by 30?
27
What is the remainder when 16015 is divided by 5256?
247
Calculate the remainder when 11849 is divided by 73.
23
Calculate the remainder when 3670 is divided by 25.
20
What is the remainder when 2529 is divided by 110?
109
Calculate the remainder when 12768 is divided by 29.
8
What is the remainder when 57329 is divided by 495?
404
What is the remainder when 408 is divided by 99?
12
What is the remainder when 388 is divided by 133?
122
What is the remainder when 231225 is divided by 57796?
41
Calculate the remainder when 4113 is divided by 2043.
27
What is the remainder when 961 is divided by 131?
44
Calculate the remainder when 13330 is divided by 281.
123
What is the remainder when 136975 is divided by 4723?
8
Calculate the remainder when 55648 is divided by 14.
12
Calculate the remainder when 2571 is divided by 845.
36
What is the remainder when 22077 is divided by 34?
11
Calculate the remainder when 1820 is divided by 194.
74
What is the remainder when 2165 is divided by 234?
59
Calculate the remainder when 10650 is divided by 288.
282
Calculate the remainder when 2532 is divided by 523.
440
Calculate the remainder when 1538328 is divided by 48.
24
Calculate the remainder when 109 is divided by 77.
32
Calculate the remainder when 75659 is divided by 610.
19
Calculate the remainder when 92324 is divided by 55.
34
What is the remainder when 8134 is divided by 1333?
136
Calculate the remainder when 17748 is divided by 60.
48
Calculate the remainder when 9571 is divided by 73.
8
What is the remainder when 25058 is divided by 8287?
197
Calculate the remainder when 633 is divided by 306.
21
What is the remainder when 49707 is divided by 109?
3
What is the remainder when 55610 is divided by 381?
365
What is the remainder when 647944 is divided by 234?
232
What is the remainder when 4911 is divided by 1597?
120
Calculate the remainder when 132465 is divided by 228.
225
What is the remainder when 35355 is divided by 17646?
63
What is the remainder when 71621 is divided by 10223?
60
What is the remainder when 4613 is divided by 159?
2
What is the remainder when 4716 is divided by 1782?
1152
Calculate the remainder when 49950 is divided by 865.
645
Calculate the remainder when 122117 is divided by 8139.
32
What is the remainder when 157931 is divided by 246?
245
Calculate the remainder when 1955 is divided by 159.
47
What is the remainder when 87088 is divided by 12432?
64
What is the remainder when 45896 is divided by 1204?
144
Calculate the remainder when 1743 is divided by 867.
9
What is the remainder when 15712 is divided by 508?
472
What is the remainder when 41907 is divided by 11?
8
What is the remainder when 2601 is divided by 229?
82
Calculate the remainder when 4910 is divided by 55.
15
What is the remainder when 412322 is divided by 549?
23
What is the remainder when 5524 is divided by 290?
14
What is the remainder when 8493 is divided by 34?
27
Calculate the remainder when 99685 is divided by 10.
5
Calculate the remainder when 6076 is divided by 443.
317
Calculate the remainder when 119684 is divided by 395.
394
What is the remainder when 126205 is divided by 379?
377
Calculate the remainder when 136303 is divided by 195.
193
What is the remainder when 3630 is divided by 7?
4
What is the remainder when 2366 is divided by 2357?
9
What is the remainder when 68972 is divided by 3448?
12
Calculate the remainder when 27895 is divided by 13899.
97
Calculate the remainder when 137901 is divided by 32.
13
Calculate the remainder when 3895 is divided by 1939.
17
What is the remainder when 29262 is divided by 1045?
2
What is the remainder when 7188 is divided by 511?
34
What is the remainder when 29994 is divided by 22?
8
Calculate the remainder when 9928 is divided by 785.
508
Calculate the remainder when 477287 is divided by 252.
251
Calculate the remainder when 7675 is divided by 550.
525
Calculate the remainder when 11379 is divided by 455.
4
Calculate the remainder when 26434 is divided by 26424.
10
Calculate the remainder when 59383 is divided by 19785.
28
What is the remainder when 51723 is divided by 10341?
18
Calculate the remainder when 1888249 is divided by 65.
64
What is the remainder when 80645 is divided by 179?
95
What is the remainder when 10032 is divided by 77?
22
What is the remainder when 2555 is divided by 29?
3
What is the remainder when 4973 is divided by 4935?
38
What is the remainder when 5613 is divided by 1824?
141
What is the remainder when 18910 is divided by 722?
138
What is the remainder when 17709 is divided by 2930?
129
What is the remainder when 19779 is divided by 97?
88
What is the remainder when 13138 is divided by 313?
305
Calculate the remainder when 6545 is divided by 34.
17
Calculate the remainder when 118171 is divided by 39380.
31
What is the remainder when 7758 is divided by 968?
14
What is the remainder when 1748465 is divided by 258?
257
What is the remainder when 8671 is divided by 104?
39
What is the remainder when 3658 is divided by 122?
120
Calculate the remainder when 4631 is divided by 1542.
5
Calculate the remainder when 5114 is divided by 1280.
1274
What is the remainder when 5009 is divided by 100?
9
Calculate the remainder when 1291618 is divided by 114.
112
Calculate the remainder when 39743 is divided by 75.
68
What is the remainder when 9780 is divided by 213?
195
What is the remainder when 9062 is divided by 127?
45
What is the remainder when 3673 is divided by 1015?
628
What is the remainder when 8232 is divided by 2058?
0
What is the remainder when 104001 is divided by 38?
33
Calculate the remainder when 37164 is divided by 676.
660
Calculate the remainder when 3655 is divided by 97.
66
Calculate the remainder when 5126 is divided by 243.
23
Calculate the remainder when 3265 is divided by 217.
10
What is the remainder when 20901 is divided by 134?
131
What is the remainder when 243437 is divided by 256?
237
What is the remainder when 70422 is divided by 1380?
42
What is the remainder when 33477 is divided by 540?
537
What is the remainder when 19044 is divided by 9522?
0
Calculate the remainder when 12841 is divided by 124.
69
What is the remainder when 46020 is divided by 23009?
2
What is the remainder when 10046 is divided by 444?
278
Calculate the remainder when 147939 is divided by 94.
77
Calculate the remainder when 24097 is divided by 50.
47
What is the remainder when 3887 is divided by 33?
26
What is the remainder when 765 is divided by 697?
68
Calculate the remainder when 1717 is divided by 774.
169
Calculate the remainder when 165590 is divided by 197.
110
Calculate the remainder when 3910171 is divided by 14.
13
What is the remainder when 54463 is divided by 48?
31
Calculate the remainder when 161 is divided by 107.
54
Calculate the remainder when 223500 is divided by 31.
21
Calculate the remainder 